 hundred thousands digit of 8812916?
8
What is the hundreds digit of 95121?
1
What is the units digit of 639354?
4
What is the thousands digit of 595535?
5
What is the ten millions digit of 13311651?
1
What is the hundreds digit of 2588029?
0
What is the thousands digit of 2934447?
4
What is the ten thousands digit of 476676?
7
What is the units digit of 4651784?
4
What is the ten thousands digit of 251189?
5
What is the ten thousands digit of 3854131?
5
What is the thousands digit of 16071432?
1
What is the units digit of 191113?
3
What is the thousands digit of 37150?
7
What is the hundreds digit of 1461670?
6
What is the tens digit of 118858?
5
What is the tens digit of 50084?
8
What is the tens digit of 1984987?
8
What is the tens digit of 20309330?
3
What is the hundred thousands digit of 438119?
4
What is the ten thousands digit of 1652552?
5
What is the hundreds digit of 225020?
0
What is the hundred thousands digit of 1804195?
8
What is the ten thousands digit of 6355443?
5
What is the thousands digit of 3213724?
3
What is the units digit of 115169?
9
What is the tens digit of 315469?
6
What is the thousands digit of 565529?
5
What is the tens digit of 68873?
7
What is the units digit of 243327?
7
What is the thousands digit of 41305?
1
What is the tens digit of 401772?
7
What is the thousands digit of 597059?
7
What is the thousands digit of 63653?
3
What is the hundreds digit of 665275?
2
What is the ten thousands digit of 140693?
4
What is the units digit of 253062?
2
What is the tens digit of 18102623?
2
What is the hundred thousands digit of 21557609?
5
What is the units digit of 16303727?
7
What is the tens digit of 1499962?
6
What is the hundred thousands digit of 13534464?
5
What is the hundreds digit of 55765?
7
What is the hundred thousands digit of 17677422?
6
What is the ten thousands digit of 28260?
2
What is the units digit of 1199008?
8
What is the units digit of 3079466?
6
What is the ten thousands digit of 19677488?
7
What is the thousands digit of 778020?
8
What is the hundreds digit of 8920232?
2
What is the ten thousands digit of 4892573?
9
What is the millions digit of 15523849?
5
What is the tens digit of 57020?
2
What is the thousands digit of 22846?
2
What is the thousands digit of 3240794?
0
What is the hundred thousands digit of 695041?
6
What is the hundreds digit of 610780?
7
What is the ten thousands digit of 501634?
0
What is the tens digit of 4628997?
9
What is the millions digit of 2590053?
2
What is the hundreds digit of 21724274?
2
What is the units digit of 4824426?
6
What is the hundreds digit of 2130254?
2
What is the hundreds digit of 213755?
7
What is the thousands digit of 2057472?
7
What is the units digit of 7653184?
4
What is the thousands digit of 106039?
6
What is the thousands digit of 2193735?
3
What is the thousands digit of 227821?
7
What is the hundreds digit of 986360?
3
What is the ten thousands digit of 1126087?
2
What is the thousands digit of 9514903?
4
What is the hundred thousands digit of 280989?
2
What is the tens digit of 5091619?
1
What is the units digit of 220311?
1
What is the thousands digit of 2627977?
7
What is the ten thousands digit of 3930376?
3
What is the ten thousands digit of 247162?
4
What is the hundreds digit of 7089945?
9
What is the units digit of 6392862?
2
What is the thousands digit of 549713?
9
What is the units digit of 38050540?
0
What is the millions digit of 1899965?
1
What is the hundreds digit of 6226?
2
What is the hundreds digit of 3039817?
8
What is the units digit of 5679787?
7
What is the units digit of 1420217?
7
What is the hundreds digit of 36033664?
6
What is the thousands digit of 14865599?
5
What is the units digit of 71104?
4
What is the hundred thousands digit of 188111?
1
What is the hundred thousands digit of 4593209?
5
What is the millions digit of 2648804?
2
What is the millions digit of 1424517?
1
What is the thousands digit of 255426?
5
What is the thousands digit of 87592?
7
What is the hundreds digit of 1167725?
7
What is the hundred thousands digit of 985997?
9
What is the ten thousands digit of 2218852?
1
What is the tens digit of 408393?
9
What is the ten thousands digit of 217622?
1
What is the hundreds digit of 8949481?
4
What is the tens digit of 7053493?
9
What is the millions digit of 1545318?
1
What is the tens digit of 202147?
4
What is the units digit of 269879?
9
What is the hundreds digit of 87150?
1
What is the units digit of 1461535?
5
What is the thousands digit of 2658597?
8
What is the units digit of 671301?
1
What is the hundred thousands digit of 32880838?
8
What is the thousands digit of 11934876?
4
What is the units digit of 250993?
3
What is the ten thousands digit of 2568238?
6
What is the millions digit of 6037924?
6
What is the ten thousands digit of 2558377?
5
What is the millions digit of 2177385?
2
What is the ten thousands digit of 90591?
9
What is the ten thousands digit of 509475?
0
What is the tens digit of 16516417?
1
What is the units digit of 14163306?
6
What is the ten thousands digit of 135510?
3
What is the tens digit of 12465074?
7
What is the hundreds digit of 28236064?
0
What is the thousands digit of 3257500?
7
What is the hundred thousands digit of 366168?
3
What is the ten thousands digit of 37581843?
8
What is the thousands digit of 1132745?
2
What is the units digit of 503641?
1
What is the ten thousands digit of 352180?
5
What is the hundreds digit of 3276016?
0
What is the millions digit of 3333508?
3
What is the thousands digit of 187243?
7
What is the ten thousands digit of 46813?
4
What is the ten thousands digit of 7838579?
3
What is the tens digit of 996640?
4
What is the units digit of 25558779?
9
What is the units digit of 75306?
6
What is the ten thousands digit of 17385297?
8
What is the ten thousands digit of 6939317?
3
What is the ten thousands digit of 2016061?
1
What is the ten thousands digit of 1352723?
5
What is the hundreds digit of 492638?
6
What is the hundred thousands digit of 1668105?
6
What is the thousands digit of 144502?
4
What is the units digit of 256535?
5
What is the hundreds digit of 9545910?
9
What is the ten thousands digit of 1992444?
9
What is the ten thousands digit of 1604203?
0
What is the tens digit of 528627?
2
What is the hundreds digit of 53269?
2
What is the hundred thousands digit of 1658923?
6
What is the ten thousands digit of 540942?
4
What is the tens digit of 6152596?
9
What is the hundreds digit of 273329?
3
What is the hundred thousands digit of 5161466?
1
What is the tens digit of 613199?
9
What is the ten thousands digit of 150136?
5
What is the thousands digit of 213304?
3
What is the ten thousands digit of 4398551?
9
What is the hundred thousands digit of 257689?
2
What is the hundred thousands digit of 2556877?
5
What is the units digit of 1689573?
3
What is the tens digit of 424709?
0
What is the tens digit of 247197?
9
What is the tens digit of 8565443?
4
What is the tens digit of 7219489?
8
What is the ten thousands digit of 66243?
6
What is the tens digit of 710624?
2
What is the units digit of 67345?
5
What is the ten thousands digit of 7860566?
6
What is the millions digit of 6726153?
6
What is the hundred thousands digit of 20770413?
7
What is the units digit of 501365?
5
What is the tens digit of 545535?
3
What is the units digit of 11052819?
9
What is the hundreds digit of 5967776?
7
What is the ten thousands digit of 385314?
8
What is the thousands digit of 9297024?
7
What is the thousands digit of 2649076?
9
What is the ten thousands digit of 32188?
3
What is the thousands digit of 1451812?
1
What is the units digit of 50280?
0
What is the hundred thousands digit of 702716?
7
What is the thousands digit of 666128?
6
What is the hundreds digit of 37650679?
6
What is the hundreds digit of 564604?
6
What is the tens digit of 128608?
0
What is the tens digit of 39558?
5
What is the units digit of 10068445?
5
What is the thousands digit of 20103474?
3
What is the ten thousands digit of 659582?
5
What is the tens digit of 643969?
6
What is the millions digit of 6245237?
6
What is the tens digit of 44580?
8
What is the hundreds digit of 2400594?
5
What is the millions digit of 2537790?
2
What is the units digit of 3